-21 + 333101?
333020
In base 7, what is 455552 + -1?
455551
In base 9, what is -274480 - 5?
-274485
In base 13, what is -39580 - -5?
-39578
In base 7, what is 3 - 1215646?
-1215643
In base 10, what is 78240 + 22?
78262
In base 14, what is -8ca66 + 4?
-8ca62
In base 8, what is -23 + 2342?
2317
In base 6, what is -51245 - 35?
-51324
In base 14, what is 17063 - 2?
17061
In base 2, what is 1011 + 1110001101000?
1110001110011
In base 8, what is -40 - -2307?
2247
In base 4, what is -1023311102033 + 3?
-1023311102030
In base 8, what is -15 - -5314?
5277
In base 4, what is -10 - 1233103330?
-1233110000
In base 9, what is 206 - 1373?
-1166
In base 7, what is 14034 - -120?
14154
In base 13, what is 6 + 21614?
2161a
In base 3, what is 100122002201210 + -10?
100122002201200
In base 4, what is 0 + 121111?
121111
In base 9, what is -403640 - 4?
-403644
In base 13, what is 11 + -25cc8?
-25cb7
In base 12, what is 72766 + 10?
72776
In base 8, what is 14453 - 306?
14145
In base 15, what is 2959d + -28?
29575
In base 8, what is -16 + -335174?
-335212
In base 10, what is 1 - 10904?
-10903
In base 8, what is -232135 + -5?
-232142
In base 12, what is -99a71 + 3?
-99a6a
In base 14, what is 4b + -64?
-17
In base 16, what is -cc - -8?
-c4
In base 11, what is 9818 - 177?
9651
In base 14, what is 7d0 + -3?
7cb
In base 9, what is -1546720 - 2?
-1546722
In base 11, what is 461 - 24?
438
In base 15, what is -3d1 + -1254?
-1635
In base 7, what is -6 - 55426?
-55435
In base 12, what is -a + 3924?
3916
In base 14, what is -26 - 46dc?
-4724
In base 4, what is -33202032 - 11?
-33202103
In base 15, what is -24 + -430?
-454
In base 3, what is 2202 - 201120122?
-201110220
In base 10, what is -14 + -7920?
-7934
In base 11, what is 5 - 1937?
-1932
In base 3, what is -22001020 - 2?
-22001022
In base 13, what is 162 - 485?
-323
In base 3, what is -2020110201 + 11?
-2020110120
In base 7, what is -144533 + -41?
-144604
In base 5, what is -2104414 + -110?
-2110024
In base 6, what is 31400 + -155?
31201
In base 7, what is -4 + 2212310?
2212303
In base 11, what is 383 - -3a3?
776
In base 2, what is -101 + -11110?
-100011
In base 3, what is 10221212 - -1200?
11000112
In base 14, what is -14 - -5228?
5214
In base 16, what is -28 + 4a0?
478
In base 12, what is -85b9 + -67?
-8664
In base 12, what is -4b39 - -1?
-4b38
In base 13, what is 7 - -1cc?
206
In base 13, what is -59 - -36?
-23
In base 13, what is -16114 + -6?
-1611a
In base 5, what is -1 - -2410314?
2410313
In base 11, what is -679 - 25?
-6a3
In base 6, what is -120 + 33351?
33231
In base 13, what is -2 - -14781?
1477c
In base 5, what is -1212212 + -3?
-1212220
In base 2, what is -11000000 - 1000100000110?
-1000111000110
In base 10, what is 65224 - 11?
65213
In base 13, what is 5 + -3435?
-3430
In base 10, what is 7 + 24199?
24206
In base 11, what is -67082 + 12?
-67070
In base 3, what is -2002221 + 1011012?
-221202
In base 9, what is 5 - 165765?
-165760
In base 6, what is 530 + 4501?
5431
In base 8, what is 136405 - 4?
136401
In base 8, what is -225365 - -20?
-225345
In base 4, what is -12121031 - -1?
-12121030
In base 2, what is 11110001101000101100 + -10?
11110001101000101010
In base 8, what is -11746 + 17?
-11727
In base 2, what is -1010010100100010 - 1?
-1010010100100011
In base 13, what is -1c3272 - 1?
-1c3273
In base 5, what is -23304 - -203?
-23101
In base 12, what is -4 - -26808?
26804
In base 11, what is -5 + 131247?
131242
In base 8, what is -2147246 + 2?
-2147244
In base 7, what is -1024245 - 0?
-1024245
In base 8, what is -14 - -27532?
27516
In base 16, what is -20e70a + 3?
-20e707
In base 14, what is -4 - 28d9?
-28dd
In base 15, what is -266a8 - -2?
-266a6
In base 9, what is -2 + 1086606?
1086604
In base 12, what is -5 + -9969?
-9972
In base 14, what is 57 - 33?
24
In base 2, what is -110101110 + -1000100?
-111110010
In base 13, what is -59 - 865?
-8c1
In base 9, what is 11 - 137145?
-137134
In base 5, what is -120032 - -402?
-114130
In base 2, what is -101000100110110011 - -11?
-101000100110110000
In base 4, what is -213233333 + 3?
-213233330
In base 9, what is -162 + 1512?
1340
In base 6, what is -21201 + -13?
-21214
In base 8, what is -13115714 + 1?
-13115713
In base 7, what is -15 + -4551?
-4566
In base 3, what is 220200 - 1101?
212022
In base 16, what is -139 - bda?
-d13
In base 13, what is -9 - -4a04?
49c8
In base 6, what is -30 + 2431?
2401
In base 9, what is -4 - 68347?
-68352
In base 3, what is 12 + 20222010?
20222022
In base 6, what is 502243 - -55?
502342
In base 6, what is 1 + 144234?
144235
In base 15, what is 1d2 - 211?
-2e
In base 11, what is 1697 + -178?
151a
In base 10, what is 695 - -613?
1308
In base 8, what is 4103525 - -7?
4103534
In base 12, what is 859 - 102?
757
In base 5, what is 140 + -124044?
-123404
In base 16, what is -cc - ce?
-19a
In base 14, what is -9007 + 5?
-9002
In base 16, what is 4e0 + 36?
516
In base 3, what is 2022 - -222201?
1002000
In base 15, what is -2db31 - -3?
-2db2d
In base 8, what is 3 + -45?
-42
In base 3, what is 1000111212 - -12?
1000112001
In base 2, what is 1001 - -10000010?
10001011
In base 7, what is 3 + 5043065?
5043101
In base 3, what is -202002 - 102002020?
-102211022
In base 11, what is 69 + 1273?
1331
In base 7, what is 5565 - 1213?
4352
In base 4, what is 101323221 - -100?
101323321
In base 16, what is 4e + -209b?
-204d
In base 2, what is 1110000000110 + 110?
1110000001100
In base 8, what is -52246 - 152?
-52420
In base 13, what is -a4 + -158c?
-1663
In base 5, what is 24303 - -20231?
100034
In base 11, what is 4a + -23?
27
In base 16, what is 451 - -5e?
4af
In base 12, what is -3 - -7860?
7859
In base 11, what is 5388 - -11?
5399
In base 4, what is -1110313130 + 10?
-1110313120
In base 3, what is -12112 + -2010?
-21122
In base 5, what is -10 - 22301242?
-22301302
In base 5, what is 2413204 - 3?
2413201
In base 14, what is -8cac6 + 3?
-8cac3
In base 2, what is 1011011001111001001 - -101?
1011011001111001110
In base 13, what is 53c31 - -4?
53c35
In base 13, what is 336 + 209?
542
In base 14, what is 2ad5 - 3?
2ad2
In base 7, what is -62 - 41?
-133
In base 5, what is 2340 - 131?
2204
In base 7, what is -33 + -23423?
-23456
In base 14, what is 34a2 - 5?
349b
In base 14, what is -1413 - -23?
-13d0
In base 5, what is -1440202 + 12?
-1440140
In base 6, what is -12335412 + -4?
-12335420
In base 6, what is -13 + 2230035?
2230022
In base 15, what is 869 + 0?
869
In base 16, what is 1 + 3afd?
3afe
In base 4, what is -210131 - 211?
-211002
In base 10, what is -173 + -8191?
-8364
In base 2, what is 1001 + 10010010001000100011?
10010010001000101100
In base 10, what is 55 - -17769?
17824
In base 6, what is 103253554 + -5?
103253545
In base 2, what is -100010100011011 - 110?
-100010100100001
In base 4, what is -20021031 + -12?
-20021103
In base 4, what is -11 + 2001212?
2001201
In base 12, what is 907 + -7?
900
In base 15, what is 3 - -77c?
780
In base 14, what is -668a8 + -5?
-668ad
In base 13, what is 18 - 17a7?
-178c
In base 8, what is 2315 - -174?
2511
In base 13, what is -5 - 388c1?
-388c6
In base 10, what is -55 - 2182?
-2237
In base 10, what is 2 - -172349?
172351
In base 6, what is -1 + -2300450?
-2300451
In base 8, what is -453456 - 3?
-453461
In base 16, what is -199 - -155?
-44
In base 2, what is 0 + -101101100110000?
-101101100110000
In base 9, what is 761542 + -5?
761536
In base 6, what is -1 + -52540534?
-52540535
In base 13, what is -4 + b988?
b984
In base 4, what is 123320 - 10133?
113121
In base 4, what is -20132 + 123121?
102323
In base 4, what is 1312101331 + 1?
1312101332
In base 6, what is -32 + -32334?
-32410
In base 4, what is 3 - 3202000?
-3201331
In base 11, what is 162 - -4382?
4534
In base 4, what is 22132222 - -11?
22132233
In base 4, what is -11113332 + -11?
-11120003
In base 2, what is -101001010 - 1110011111000?
-1111001000010
In base 5, what is -21041444 + 3?
-21041441
In base 6, what is -5 + -350412?
-350421
In base 6, what is -3020 - 34?
-3054
In base 2, what is 100 - 10010001000010010100?
-10010001000010010000
In base 4, what is 31 + -330?
-233
In base 12, what is -5a97 - 5b9?
-6494
In base 14, what is 2 + 25b87?
25b89
In base 14, what is 6d + -20c5?
-2056
In base 4, what is -2113321 - 11?
-2113332
In base 11, what is 247357 + -10?
24734